 1472?
46
Calculate the greatest common factor of 236 and 3245.
59
Calculate the greatest common factor of 24867 and 81.
81
Calculate the highest common factor of 19 and 304.
19
Calculate the greatest common factor of 2912 and 4032.
224
What is the highest common divisor of 1276 and 33?
11
Calculate the greatest common divisor of 21 and 525.
21
What is the highest common divisor of 624 and 195?
39
Calculate the greatest common divisor of 64 and 184.
8
What is the greatest common factor of 2416 and 16?
16
What is the highest common divisor of 23 and 2461?
23
Calculate the greatest common divisor of 52 and 1417.
13
Calculate the greatest common divisor of 1120 and 70.
70
What is the highest common divisor of 3775 and 100?
25
What is the greatest common divisor of 1 and 149?
1
Calculate the greatest common divisor of 61 and 1952.
61
What is the highest common divisor of 6 and 14?
2
What is the greatest common factor of 1550 and 62?
62
Calculate the highest common factor of 20 and 245.
5
What is the highest common factor of 76 and 10564?
76
What is the highest common factor of 15 and 1965?
15
What is the highest common factor of 240 and 18840?
120
Calculate the greatest common divisor of 272 and 442.
34
What is the highest common factor of 1 and 39?
1
What is the highest common divisor of 4559 and 47?
47
Calculate the highest common divisor of 27 and 4077.
27
Calculate the highest common factor of 142 and 32.
2
Calculate the highest common divisor of 176 and 11.
11
What is the highest common factor of 4173 and 107?
107
What is the greatest common divisor of 2951 and 26?
13
What is the greatest common divisor of 1905 and 15?
15
What is the highest common divisor of 120 and 555?
15
Calculate the highest common divisor of 1 and 587.
1
Calculate the greatest common factor of 136 and 17.
17
Calculate the highest common factor of 495 and 5.
5
Calculate the greatest common divisor of 23 and 1357.
23
Calculate the greatest common factor of 748 and 1408.
44
What is the greatest common factor of 216 and 378?
54
Calculate the greatest common divisor of 14 and 38878.
14
Calculate the greatest common factor of 70 and 28.
14
What is the greatest common divisor of 90 and 2610?
90
Calculate the greatest common divisor of 345 and 50485.
115
Calculate the highest common divisor of 2581 and 445.
89
Calculate the highest common divisor of 611 and 1316.
47
Calculate the highest common factor of 14 and 2954.
14
What is the highest common factor of 2418 and 312?
78
What is the highest common divisor of 8 and 28?
4
What is the highest common divisor of 1054 and 68?
34
What is the highest common factor of 440 and 1250?
10
Calculate the greatest common factor of 74 and 6.
2
Calculate the highest common factor of 577 and 1.
1
What is the highest common divisor of 266 and 665?
133
Calculate the greatest common divisor of 12629 and 365.
73
Calculate the greatest common factor of 671 and 11.
11
What is the greatest common divisor of 5217 and 111?
111
Calculate the greatest common factor of 159918 and 66.
66
Calculate the highest common divisor of 7 and 12271.
7
What is the greatest common factor of 1280 and 80?
80
Calculate the highest common divisor of 105 and 560.
35
What is the highest common factor of 13 and 611?
13
Calculate the greatest common factor of 6 and 9.
3
Calculate the greatest common factor of 155 and 1271.
31
Calculate the greatest common factor of 570 and 57.
57
What is the greatest common factor of 429 and 462?
33
Calculate the greatest common divisor of 196 and 168.
28
Calculate the greatest common factor of 82 and 1804.
82
Calculate the greatest common factor of 153 and 833.
17
What is the greatest common factor of 33 and 3729?
33
Calculate the highest common factor of 118 and 8.
2
Calculate the highest common divisor of 234 and 27.
9
What is the greatest common divisor of 333 and 407?
37
What is the highest common divisor of 1248 and 234?
78
Calculate the highest common factor of 19 and 1349.
19
What is the greatest common divisor of 737 and 134?
67
Calculate the highest common divisor of 2482 and 219.
73
What is the highest common factor of 84 and 3192?
84
What is the greatest common divisor of 240 and 90?
30
What is the highest common factor of 2664 and 612?
36
Calculate the highest common divisor of 242 and 220.
22
What is the highest common divisor of 494 and 26?
26
What is the highest common divisor of 232 and 8?
8
What is the greatest common divisor of 760 and 200?
40
Calculate the highest common divisor of 5967 and 1105.
221
What is the greatest common divisor of 7 and 161?
7
Calculate the greatest common factor of 161 and 2.
1
What is the greatest common factor of 111 and 24?
3
What is the greatest common factor of 216 and 2862?
54
What is the highest common factor of 166 and 24485?
83
Calculate the highest common factor of 126 and 36414.
126
Calculate the greatest common factor of 141 and 27.
3
What is the highest common factor of 21096 and 36?
36
Calculate the greatest common divisor of 80 and 1030.
10
Calculate the highest common factor of 60 and 9510.
30
What is the greatest common factor of 28 and 28?
28
Calculate the greatest common factor of 36 and 2412.
36
What is the greatest common factor of 2 and 93?
1
What is the greatest common divisor of 28 and 1452?
4
Calculate the greatest common factor of 176 and 132.
44
Calculate the highest common divisor of 4277 and 91.
91
Calculate the highest common factor of 77 and 1133.
11
What is the highest common factor of 33 and 132?
33
What is the greatest common divisor of 1410 and 30?
30
Calculate the highest common factor of 238 and 102.
34
Calculate the greatest common factor of 21 and 9.
3
What is the highest common divisor of 6 and 291?
3
Calculate the greatest common factor of 90 and 1215.
45
Calculate the greatest common divisor of 548 and 137.
137
What is the greatest common factor of 198 and 198?
198
What is the highest common factor of 228 and 36?
12
What is the greatest common divisor of 2403 and 89?
89
What is the highest common factor of 4 and 86?
2
What is the greatest common factor of 11 and 143?
11
Calculate the highest common divisor of 441 and 161.
7
Calculate the highest common factor of 5450 and 100.
50
Calculate the highest common factor of 171 and 9405.
171
Calculate the greatest common divisor of 160 and 80.
80
Calculate the highest common factor of 10 and 4.
2
What is the greatest common factor of 360 and 108?
36
What is the highest common factor of 62 and 806?
62
Calculate the greatest common factor of 33 and 4587.
33
What is the greatest common divisor of 26 and 143?
13
Calculate the greatest common factor of 838 and 4.
2
Calculate the highest common divisor of 70 and 2485.
35
What is the highest common divisor of 18717 and 51?
51
Calculate the greatest common divisor of 640 and 80.
80
What is the greatest common factor of 150 and 10125?
75
What is the highest common divisor of 784 and 2912?
112
What is the highest common factor of 306 and 243?
9
Calculate the highest common divisor of 6 and 654.
6
Calculate the highest common factor of 12 and 348.
12
Calculate the highest common divisor of 1634 and 24.
2
Calculate the greatest common divisor of 225 and 4608.
9
What is the greatest common divisor of 76 and 1881?
19
What is the greatest common factor of 261 and 2900?
29
What is the greatest common divisor of 8496 and 1180?
236
Calculate the highest common factor of 89 and 3.
1
What is the greatest common factor of 1736 and 16?
8
What is the greatest common divisor of 22 and 1408?
22
What is the greatest common divisor of 30 and 15?
15
What is the greatest common divisor of 3519 and 207?
207
Calculate the highest common factor of 98 and 392.
98
Calculate the highest common divisor of 748 and 132.
44
What is the greatest common divisor of 9396 and 198?
18
What is the greatest common factor of 7 and 7?
7
What is the highest common factor of 57 and 3?
3
Calculate the greatest common divisor of 250 and 200.
50
Calculate the highest common divisor of 351 and 216.
27
Calculate the highest common divisor of 6744 and 4.
4
What is the greatest common factor of 147 and 14?
7
Calculate the greatest common factor of 588 and 57918.
294
Calculate the highest common divisor of 171 and 36